)/1). Suppose -5*c + j = -d*c. What are the prime factors of c?
41
Suppose 4*i = 9*i + 5. Let j be -4*i*68/8. Let g = j - 3. What are the prime factors of g?
31
Suppose -5*k + 3*k - 276 = 0. Let h = 261 + k. Suppose 5*w - 150 = 3*p, -4*w + 5*p = 2*p - h. What are the prime factors of w?
3
Suppose x + 3*r = -2*r + 79, 2*x + r - 158 = 0. Suppose -x - 65 = -3*u. What are the prime factors of u?
2, 3
Let y = 64 - 128. Let q = -18 - y. List the prime factors of q.
2, 23
Let f = 10 + -5. Suppose 2*j + 5*h - 5 = 0, -j = -6*j - f*h + 20. Suppose 9 = j*g - 1. List the prime factors of g.
2
Let f = -3596 + 6204. What are the prime factors of f?
2, 163
Let x = 56 - -914. List the prime factors of x.
2, 5, 97
Suppose 0 = -u + 4*u - 15. Suppose u*y = -5, 2*y + 2*y + 196 = 4*a. Let p = a + -27. List the prime factors of p.
3, 7
Let n = 3 - -5. Let i = 31 + n. List the prime factors of i.
3, 13
Suppose -9*h - 2631 = -8634. List the prime factors of h.
23, 29
Let s(a) = a**2 + 7*a - 4. Let j(h) = 4*h - 9. Let q be j(6). Let d be (q/(-10))/(1/6). List the prime factors of s(d).
2, 7
Let z = -52 + 60. Suppose -35 = -i - z. List the prime factors of i.
3
Suppose -h = -5*t + 980, 934 = 3*t - 3*h + 334. Suppose -5*d = 2*u - t - 87, 5*u = -3*d + 154. What are the prime factors of d?
2, 29
Let d(v) = -v**3 - 3*v**2 - 4*v - 7. Let u be d(-3). Suppose 3*c - u*o = 164, o - 158 = -3*c - 0*o. List the prime factors of c.
53
Let a be (1 - 2)*(1 + 1). Let o be ((-80)/15)/(a/6). Suppose -38 = -2*r + o. List the prime factors of r.
3
Let n = -30 + 53. Let v = n - -116. What are the prime factors of v?
139
Let i(a) = -486*a - 421. List the prime factors of i(-9).
59, 67
Let k(z) = -4*z + 6. Let u be k(1). List the prime factors of (u*1)/(42/1995).
5, 19
Suppose -2892 = -3*p - 2*t + 437, -3*p + t + 3317 = 0. What are the prime factors of p?
3, 41
Suppose 173 = 10*q - 13207. List the prime factors of q.
2, 3, 223
Suppose -2 - 34 = 6*i. List the prime factors of 312/9*i/(-4).
2, 13
Let q be 12/10*(-10)/(-2). Suppose 0 = 8*f + 13 - 13. Suppose q*v - 3*v - 39 = f. List the prime factors of v.
13
List the prime factors of (1 - 622/4)*450/(-135).
5, 103
Let y(v) = -2*v**3 - 8*v**2 - 22*v + 13. List the prime factors of y(-7).
461
List the prime factors of (-39)/((-1053)/414) + (-14)/6.
13
Suppose 0 = 2*p - 10 + 136. Let i = p + 97. Suppose 3*j + 0*j - 35 = -2*k, -k + 4*j + i = 0. List the prime factors of k.
2, 11
Let b(y) = y**2 + 3*y - 21. Let r be (-12)/8*2*3. Let f be b(r). Let s = -7 + f. What are the prime factors of s?
2, 13
Suppose 0 = 11*y - 7*y - 24. Let i be (-2 + (-10)/(-3))*12. Suppose -236 - i = -y*z. List the prime factors of z.
2, 3, 7
List the prime factors of 655/2*(-348)/(-145).
2, 3, 131
Suppose -r + 6 = 4. Suppose r*s = 2*g + 88, -2*g = -4*s + g + 180. What are the prime factors of s?
2, 3
Let q = 16 + -5. Let b(d) = 10*d + 14*d + q*d. What are the prime factors of b(1)?
5, 7
Suppose 0 = -4*i + 45 + 83. Suppose 146 = 4*r - 2*j - 0*j, -r = 4*j - i. List the prime factors of r.
2, 3
Let p(c) = 14*c**2 - 11*c + 29. What are the prime factors of p(6)?
467
Let c(v) = -2*v - 12. Let x(f) = -4*f - 24. Let j(o) = -9*c(o) + 4*x(o). Let a(b) = -b - 1. Let y(h) = a(h) - j(h). What are the prime factors of y(-10)?
17
Suppose -197 = j - 6. Let d = j + 275. What are the prime factors of d?
2, 3, 7
Suppose -a - 132 = k, -3*a - 172 + 665 = -4*k. Let w = k + 182. What are the prime factors of w?
5, 11
Suppose -3*n - 591 = 4*o - 3719, 805 = o - 5*n. What are the prime factors of o?
5, 157
Let r(b) = 4*b**3 + 4*b**2 + 4*b + 1. Let j(q) = 5*q**3 + 3*q**2 + 5*q + 2. Let x(h) = -5*j(h) + 6*r(h). What are the prime factors of x(6)?
2, 7
Let x(f) = f**3 + f**2 + 5*f - 7. Let r be x(5). Suppose 0 = -v + y - 5*y + 56, 3*y = -3*v + r. List the prime factors of v.
2, 7
Suppose 5*t - 1 = 4. Suppose -16 + 18 = -2*k. List the prime factors of 27*t/(k + 2).
3
Let x = -85 + 39. Let s = 52 + x. What are the prime factors of s?
2, 3
Let j = 251 - 101. Let h = j - 58. What are the prime factors of h?
2, 23
Suppose 7*x - 2*r + 9335 = 12*x, -7470 = -4*x - 2*r. List the prime factors of x.
5, 373
Let f(j) = -j**3 - 10*j**2 - 2*j + 15. Let v be f(-10). Let k = -30 + v. Suppose 0 = -2*b + l + 17 + 42, -3*b = k*l - 56. What are the prime factors of b?
3
Let p(x) = x - 12. Let n be p(12). Let v = n - -15. Suppose -95 = -4*z - v. What are the prime factors of z?
2, 5
Let y be (-16 - -14) + 4*2. Let d(n) = 22*n - 11. List the prime factors of d(y).
11
Let f(b) = -b**2 - 3*b + 17. Let c be f(-7). Let d = 1 - c. What are the prime factors of d?
2, 3
Suppose 46*s - 4*w = 50*s - 19264, -9623 = -2*s + w. What are the prime factors of s?
4813
Suppose -c + 3*u = -0*u - 603, 4*c + u - 2464 = 0. What are the prime factors of c?
3, 5, 41
List the prime factors of (2/(-9))/(-1) + (-293064)/(-216).
23, 59
Let c = 45 - 20. Suppose -2*a + c = -91. Let t = -21 + a. What are the prime factors of t?
37
Suppose 110 = 5*a - 2*n + n, 0 = -4*a + n + 88. List the prime factors of a.
2, 11
Let k be (6 + -4)/(2/8). Suppose -3*g + k*g = 0. Suppose g - 3 = h, 5*a = h + 148. List the prime factors of a.
29
Let o(u) = u**3 + 4*u**2 + 2*u - 1. Let l be o(-5). Let h be (l/(-30))/((-6)/(-20)). What are the prime factors of 474/18 - h/(-6)?
3
Suppose 55 = -10*p - 5. What are the prime factors of (-1 + p/(-3))*(1 + 101)?
2, 3, 17
Let c(q) = 494*q**2 + 6*q + 7. List the prime factors of c(-1).
3, 5, 11
Suppose 6 = 5*j + 41. Let p(n) = n**3 + 8*n**2 + n - 2. List the prime factors of p(j).
2, 5
Let b(j) = 14*j + 339. List the prime factors of b(38).
13, 67
Let g(h) = -7*h**3 - 2*h**2 + h + 2. Let k be g(-2). Suppose -6*o + 3*o + k = 0. List the prime factors of o.
2
Suppose 2*r = -4, -5*d + r = -2*r - 46. Suppose -3*s - 207 = -6*s. List the prime factors of (-1*s)/((-12)/d).
2, 23
Let r be -3*(105/9)/(-5). Let h(s) = -8 + 9 + s + r. List the prime factors of h(19).
3
Let f be (4*9)/((-4)/4*1). Let r(v) = 3*v**2 - v + 4. Let i be r(-3). List the prime factors of (-1 + i)*f/(-27).
2, 11
Let r = -10 + -3. Let k(m) be the third derivative of m**6/120 + m**5/5 - 5*m**4/8 + 5*m**3/6 + m**2. List the prime factors of k(r).
31
Suppose 25*r + 2857 - 8482 = 0. List the prime factors of r.
3, 5
Suppose 4*k - 13440 = -24*k. What are the prime factors of k?
2, 3, 5
Let z be -2 - ((3 + -4)*2 - 2). Suppose -1123 = -5*p - 4*r, 4*p + 6*r = z*r + 896. List the prime factors of p.
227
Suppose -5*d - w - 108 = 0, 5*d - 50 = -4*w - 167. List the prime factors of (-3702)/d - 10/35.
2, 11
Let r be (69/(-12) - -3) + 5/(-20). List the prime factors of ((-42)/(9/r))/(1/20).
2, 5, 7
List the prime factors of (5 + -2)*(10 + -5 - -210).
3, 5, 43
Let n = -13 - -3. Let c be 12/(-60) - (-1358)/n. Let f = 196 + c. What are the prime factors of f?
2, 3, 5
Let f(z) = 70*z**2 - 4*z - 3. Suppose 7*v - 40 = 2*v. Suppose 3 = -j + 5*a - v, -7 = -3*j - 5*a. What are the prime factors of f(j)?
71
Let n(w) = -5 + 2 + 3 - 4 + 9*w. Let x(h) = -8*h + 3. Let u(t) = -6*n(t) - 7*x(t). List the prime factors of u(4).
11
Let c = 8 - -33. Suppose c*l = 35*l + 870. List the prime factors of l.
5, 29
Suppose -3*r + 6*r + 530 = -2*p, 4*r + 530 = -2*p. What are the prime factors of p/(-2) - 3/2?
131
Let q(t) = -9*t**3 - t + 1. Let d be q(-2). Suppose -5*u = -d - 210. Let i = u + 10. List the prime factors of i.
67
Let j = -33 + 47. List the prime factors of (-3)/(-7) + 764/j.
5, 11
Suppose 41*o - 207090 = -49*o. List the prime factors of o.
3, 13, 59
Let l(t) = 2*t**2 + 4*t - 2. Let a = 4 - 11. Let p be l(a). Let w = p - 43. List the prime factors of w.
5
Let t = 15 - 14. Suppose a = t - 7. What are the prime factors of a*(-3 + -1 + 3)?
2, 3
Let d = -2638 - -4015. List the prime factors of d.
3, 17
Suppose u = 7*u + 762. Suppose -m - 63 = -3*a, -2*m + 2*a - 54 = 88. Let d = m - u. List the prime factors of d.
2, 13
Suppose -3*f - 4*h + 1462 = 0, -3*f + 8*h + 1454 = 4*h. Let p = f + -244. What are the prime factors of p?
2, 11
List the prime factors of 1755/33 + (-8)/44.
53
Let u = -409 - -550. List the prime factors of u.
3, 47
Let t(b) = -b + 10. Let u be t(10). Suppose -i - i - 4 = u. List the prime factors of 10/2 - 2/i.
2, 3
Suppose -5*d - 13 = -713. List the prime factors of d.
2, 5, 7